 is the hundreds digit of j?
3
Suppose -5*y - n + 48 + 1280 = 0, -789 = -3*y + 2*n. What is the tens digit of y?
6
Let r = 512 + -80. Suppose 146 = -x - 123. Let j = r + x. What is the hundreds digit of j?
1
Suppose k - 9*k = 12*k. Suppose -4*m + 4*q = -928, k*q + 2*q = -5*m + 1195. What is the tens digit of m?
3
Suppose 6*h = j + h - 111, 3*h + 461 = 4*j. Let l = j + -60. What is the units digit of l?
6
Suppose -2*b - 21 = 5*i + 2*b, -5*b - 17 = -3*i. Let f be -2 + i*(3 - -3). Let p(o) = o**2 - 5*o - 13. What is the units digit of p(f)?
1
Let g = -18 + 16. Let x be 2454/(-9)*g - 4/(-6). Suppose -x = -2*y - 5*y. What is the units digit of y?
8
Let y = 6832 + -1189. What is the thousands digit of y?
5
Let m(r) = r**2 + 3*r - 1. Let s = -125 + 121. Let h be m(s). Suppose 0 = -h*w + 4*u + 853, -4*w - 267 = -5*w - 3*u. What is the units digit of w?
9
Suppose 2*p - 4*a = -2, -5*p - 5 = a - 22. What is the tens digit of 354/(-8)*(-16)/p*1?
3
Suppose 5*x - 5 = 0, -3*c + 4*x - 20 = -22. Suppose 12*n = 11*n + 5*d + 1439, 0 = -4*n - c*d + 5844. What is the units digit of n?
9
Suppose -h + 2190 = 4*y, -y - 4353 = 8*h - 10*h. Suppose -7*g = -g - h. What is the tens digit of g?
6
Suppose -42*m + 127980 = -175628 + 88232. What is the units digit of m?
8
Suppose -3*y + 5556 = -3*m, -2*m - m = 2*y + 5576. Let q = -892 - m. What is the tens digit of q?
6
Let w be (-2408)/(-36) + 3 - (-6)/54. Suppose -w = -9*j + 1577. What is the units digit of j?
3
Suppose 20*h = 2*h - 774. Let n = 536 + h. What is the units digit of n?
3
Let n(t) = -4*t**3 + 91*t**2 - 18*t - 30. What is the tens digit of n(21)?
7
What is the thousands digit of (-73)/((-21)/(-49) + (26335/10255 - 3))?
1
Let l(o) = o**2 - 8*o. Let f = 54 + -46. Let q be l(f). Suppose -180 + q = -6*d. What is the tens digit of d?
3
Let w(x) = 9*x**2. Let l be w(1). What is the tens digit of (-7 + l)*1*68?
3
Suppose -8*o + 14 = -146. Suppose 2*b = 7*b + o. What is the units digit of (-3 - (b + 24))/(-1)?
3
Let s(v) = 349*v**3 + 2*v**2 + 282*v - 1120. What is the ten thousands digit of s(4)?
2
Suppose -18*m + 10989 = -6273. Let w = m - 189. What is the units digit of w?
0
Suppose -487*i + 235*i = -238*i - 97552. What is the hundreds digit of i?
9
Let q(y) = -72*y - 6687. What is the hundreds digit of q(-97)?
2
Let u(l) = l**2 + 9*l + 196. Let s be u(0). Suppose -354 = -2*m - s. What is the tens digit of m?
7
Suppose 41 = 17*g - 27. Suppose g*n + 101 = 1453. What is the tens digit of n?
3
Let a = 3607 + 15699. What is the hundreds digit of a?
3
Let h = -20787 - -55100. What is the hundreds digit of h?
3
Let g(v) be the third derivative of 7*v**5/60 - 13*v**4/24 - v**3/2 - 2*v**2 + 3. What is the hundreds digit of g(9)?
4
Suppose 3*c + 2630970 = 93*c. What is the ten thousands digit of c?
2
Let c be 698/7 + -2*3/(-21). Suppose 3*a = 2*a + c. Let j = a - -7. What is the tens digit of j?
0
Let k = 20 + -17. Suppose 5*u = k*u. Suppose u = 4*s - s - 48. What is the units digit of s?
6
Let v(g) = -344*g - 16. Let k be 0 + 4 + 1 + -6. What is the tens digit of v(k)?
2
Let o(i) be the third derivative of -2*i**4 - 2*i**3 - 21*i**2. Let a be o(3). What is the units digit of (42/(-4))/(13/a)?
6
What is the thousands digit of 136*(-51)/(816/(-6656))?
6
Let z = 389 - 209. Suppose l = 5*l + z. What is the units digit of (l/(-20))/((-4)/(-16))?
9
Let s(w) = -8*w - 44. Let q(t) = -2*t - 5. Let o be q(0). Let n be s(o). What is the tens digit of 148*16/12 + n/(-6)?
9
Suppose -35 = -4*m - 3*y, 0*m - m + y = 0. Suppose 0*i + m*i - 1560 = 0. What is the hundreds digit of i?
3
Let n = -5701 + 17284. What is the ten thousands digit of n?
1
Let n be 0 + 11 - (14 - 15). Suppose f = -y + 4*f + 4, -y - 5*f = n. What is the units digit of ((-290)/50)/(y/30)?
7
Suppose -q - 4*b + 1422 = 0, -3*b - 101 = 3*q - 4349. Suppose 0 = 4*x - 2*o + o - 2872, 0 = -2*x - 5*o + q. What is the tens digit of x?
1
Let l(r) = -2*r**2 + 15*r - 50. Let b be l(-12). Let d = b - -853. What is the units digit of d?
5
Let h be 3 - 5/((-20)/104). Let b = h - -31. Let c = -35 + b. What is the units digit of c?
5
Suppose -5*v - 23 = -3*u, -v = -u + 2*u + 3. Let a(w) = -340*w + 135. What is the tens digit of a(v)?
9
Let z be (16/36)/(2/9). Suppose -z*y - 213 = -5*y. Suppose 0 = 75*k - y*k - 212. What is the units digit of k?
3
Suppose 107*z - 249060 = 97*z. Suppose -23*l + 2*l = -z. What is the hundreds digit of l?
1
Let v = -91 + 93. Suppose 0 = 3*m - v*x - 16, -x + 3 = -1. Suppose -m*f + 455 = -457. What is the hundreds digit of f?
1
Suppose 4*z = -6*s + 59204, -5*z + 16772 = 2*s - 57266. What is the hundreds digit of z?
8
Let i(o) = o**2 - 4*o + 4. Let a be i(4). Suppose -2*m = -a*b + 446 + 50, 0 = -2*m. Suppose 56 = h - 3*n, -2*n = -2*h - 0*n + b. What is the tens digit of h?
6
Suppose -119*t - 68090 = 96*t - 237*t. What is the thousands digit of t?
3
Suppose 3*j = 69 - 69. Suppose 0 = 3*m + 5*g - 379 - 363, j = 5*m - 4*g - 1286. What is the units digit of m?
4
Let s = 64 - 57. Let g = s - -144. What is the units digit of g?
1
Let p = 118 - 104. What is the tens digit of (-72684)/(-135) - (p/10 + -1)?
3
Let j(g) = -13*g + 161. Let s be j(11). Suppose 37*c = s*c + 17993. What is the units digit of c?
7
Suppose -z - 3*f = -30, -4*z - 5*f = -10*f - 35. Suppose 0 = z*c - 284 - 316. What is the tens digit of c?
4
Let v be (32/64)/(14/12 - 1). Suppose m = 6 - v. Suppose 0 = p - 3*r - 28, 31 = p + 4*r + m. What is the units digit of p?
8
Let o be ((-30)/(-5))/(-6)*27. Let u = o - -125. What is the units digit of u?
8
Suppose -u = y - 1734, 4*y = 6*y - 10. Let q = -933 + u. What is the hundreds digit of q?
7
Let o = -1512 + 2246. Let l = -418 + o. What is the hundreds digit of l?
3
Let z = 9071 + 717. What is the tens digit of z?
8
Let a(q) = q**2 + 8*q + 5. Let y be a(-7). Let n be y/4*-6*1. What is the tens digit of n/(-12) - (0 - 708/16)?
4
Let c = -177 + 160. Let l(i) = -14*i - 65. What is the tens digit of l(c)?
7
Let z = 960 - 1655. What is the units digit of z/(-15) + -3*2/18?
6
What is the tens digit of ((-294)/35 - -8) + 34597/5 - -3?
2
Suppose -10*g + 89 = -1. Let w = -7 + g. Suppose o - w*o + 19 = 0. What is the units digit of o?
9
Let h = 55 - 76. Let c = 86 + h. Suppose 2*o + 19 = c. What is the units digit of o?
3
Suppose -4*g - 4 = 0, z + 2*g + 15 + 6 = 0. Let m = -15 - z. Suppose m*u = 8*u - 12. What is the units digit of u?
3
Let d(t) = -10*t - 330. Let a be d(-33). Suppose a = -6*b - 1004 + 10928. What is the units digit of b?
4
Let t(q) = 9*q + 1. Let n be t(1). Suppose -2*l - 2 - n = 0. What is the units digit of ((81/l)/(-1))/((-12)/(-64))?
2
Suppose 0 = 3*y - 6, 5*l - 1415 - 3197 = -y. Let t = l + -621. What is the units digit of t?
1
Let w be 28/(-7) - (-1077 + 0/1). What is the tens digit of w/21 - 34/357?
5
Suppose 5*f = -5, -4*c - 2*f + 36084 = -2062. What is the thousands digit of c?
9
Suppose -7*p = -18 - 3. Let a(k) = -54*k**2 + 27*k**2 + 28*k**2 - 2*k + 3*k**3 + 6. What is the tens digit of a(p)?
9
Let u(d) = -d**2 + 1. Let n(m) = 18*m**2 - 2*m - 8. Let k(r) = -2*n(r) - 18*u(r). Let s be k(2). What is the tens digit of s*((-14)/(-21) + 14/(-12))?
3
Suppose 5*s + 28 = -57. Suppose 4*m = 2 + 2. Let g = m - s. What is the tens digit of g?
1
Suppose 12*x - 8*x - 392 = 0. Suppose 81*g - x*g = -18768. What is the thousands digit of g?
1
Suppose r = 3 + 6. Let j(k) = -k**3 - 1 + 315*k + 12*k**2 - 162*k - 152*k. What is the units digit of j(r)?
1
Let s = 620 + 1035. Suppose s = 8*j - 385. What is the tens digit of j?
5
What is the ten thousands digit of (2 + 0/2)/(5/407670*12)?
1
What is the units digit of 10/(-12) + (-115615737)/(-2862)?
6
Let m(d) = -329*d**3 - 2*d**2 - 3*d - 1. Let q be m(-1). Suppose o + z + q = 1756, 0 = -o + z + 1421. What is the tens digit of o?
2
Suppose -8 = -5*d + 22. Suppose 180 = d*l - 8*l. Let j = 121 + l. What is the tens digit of j?
3
Let a(p) = -p**3 - 7*p**2 + 6*p - 11. Let v be a(-8). Suppose 0 = q - 3, u = -u + 3*q - v. Suppose 704 = u*y + 94. What is the hundreds digit of y?
3
Let y = 4 - 4. Suppose 4*t = -y*t + 8. Let i(z) = 18*z + 1. What is the tens digit of i(t)?
3
Suppose 4*f + 4*s - 36 = 44, -3*s = -4*f + 66. Let o(p) = p**2 + 16*p + 62. Let i be o(-10). What is the units digit of (f + -16)/(5 + -1 - i)?